 -51 = -u*s + 3. Let v = s + 9. List the prime factors of v.
3
Let w(l) be the first derivative of l**3 + 2*l**2 - 3*l - 143. Suppose 5*n - 6 = 4. What are the prime factors of w(n)?
17
What are the prime factors of (-3 - (-3 + (-103)/4))*4?
103
Suppose 0 = -3*z + 6 + 177. Let a = 16 + z. Suppose -3*v + 4*r = -a, 5*r = -3*v + 10 + 22. List the prime factors of v.
19
Let g = -11 - -18. Suppose -z + u = -0*u + g, 5*u = -3*z + 11. Let p = 8 + z. What are the prime factors of p?
5
Let z be (-1 - (-3)/1) + 3. Suppose -a = 3*b - b - 13, -z*a + 65 = b. What are the prime factors of a?
13
Suppose x = -33 + 242. Suppose -2*u = 4*q - 0*u - 214, -4*q - u = -x. What are the prime factors of q?
3, 17
Let o(k) = 14*k - 92. What are the prime factors of o(16)?
2, 3, 11
Suppose 0 = -29*s + 34*s - 940. What are the prime factors of s?
2, 47
Let p = -2 + 7. What are the prime factors of ((-1 + -66)*1)/(4 - p)?
67
Let y(t) = -4*t + 9. Let s be y(-7). Suppose -3*j + s = -2*j. List the prime factors of j.
37
Suppose -y = 3*b - 143 - 93, -4*y = 3*b - 926. Suppose -5*i - 5*z = -y, 0 = -3*z - 1 + 7. What are the prime factors of i?
2, 11
Suppose 12*h - 16*h + 392 = 0. Suppose 4*m - r = -2*r + h, m - 17 = -4*r. What are the prime factors of m?
5
Suppose -3*g + 4*p + 346 + 22 = 0, 0 = -5*g - 3*p + 565. List the prime factors of g.
2, 29
Suppose 41*p - 1058 = 39*p. What are the prime factors of p?
23
Let c = -235 - -301. What are the prime factors of c?
2, 3, 11
What are the prime factors of 1/(-4) + 2915/(-176)*-4?
2, 3, 11
Let t be (29/3)/(2/(-12)). Let b = t - -98. Let h = 67 - b. What are the prime factors of h?
3
Let m(p) = -p**3 + 24*p**2 - 40*p - 7. List the prime factors of m(21).
2, 7, 17
Suppose -3*w + 28 = -44. Suppose -4*z - 3*n + w + 0 = 0, -2*z + 3*n = -30. List the prime factors of (z + -6)/((-6)/(-76)).
2, 19
Suppose i + 3*i = -16, -24 = -2*l + 4*i. Suppose 83 - 617 = -5*w - 4*p, w - l*p = 126. What are the prime factors of w?
2, 5, 11
Let m = -49 + 96. Let s = m + -28. What are the prime factors of s?
19
Let y be 1/4 - (-57)/12. Suppose 3*v = y*s - 13, 3*v + 1 = 3*s + 8*v. Let p(c) = 2*c**3 + 3*c**2 - 2*c - 2. List the prime factors of p(s).
2, 11
Let q be (-9)/(27/12) + 7. Suppose -4*m = -3*m - q. Suppose -w - 5*u + 14 = 0, -3*w + 55 = 5*u - m*u. What are the prime factors of w?
19
Let k(o) = 10*o + 49. Let z be k(-4). Let g(t) = 5*t + 6. List the prime factors of g(z).
3, 17
Suppose -5*r = -1 - 4, -2*t - r = 91. Let d = 61 + t. List the prime factors of d.
3, 5
Let g be 36/8 - (-1)/2. Let w be (11/3)/(g/(-570)). What are the prime factors of (-4)/(-28) - w/14?
2, 3, 5
Suppose 3*m + 55 = -2*t, 3*m - 45 = -2*t + 5*t. Let a = 20 + t. Suppose -r + 7 = -a*r. What are the prime factors of r?
7
Let r(m) = 5*m**3 - m**2 + 7*m + 9. What are the prime factors of r(5)?
2, 7, 23
Suppose 6*k = 9*k + 24. Let j = 13 + k. Suppose 89 = j*d + 9. What are the prime factors of d?
2
Let r(q) = 5*q**3 - 13*q**2 + 6. What are the prime factors of r(7)?
2, 271
Suppose -3*b = 5*x - x - 4183, 0 = 2*b + 2*x - 2786. What are the prime factors of b?
3, 463
Suppose 12*d - 8965 - 5159 = 0. List the prime factors of d.
11, 107
Let h = 4836 + -3336. What are the prime factors of h?
2, 3, 5
Let h be (-2)/(-4)*4 + 1. Let n be (-2)/h - 319/(-33). Let l = 16 - n. List the prime factors of l.
7
Let g be 2/(-1 + 25/15). Suppose -2*a + 308 = 5*o - 0*o, 2*o - 440 = -g*a. What are the prime factors of a?
2, 3
Let u(v) = v - 1. Let a be u(4). Let m be a/(-15) - 11/(-5). List the prime factors of (0 - 11)*m*-1.
2, 11
Suppose -24 = -r + 4*r - 3*k, 2*r = -5*k - 23. Let i = r + 14. Suppose -i*s - 25 + 125 = 0. What are the prime factors of s?
2, 5
Let u be (-3 - (-52)/20)/(2/(-10)). Suppose -n = 2*t + 2*n - 20, -5*t - u*n = -72. What are the prime factors of t?
2
Let k = 11 - 7. Suppose 5*i + k = 89. What are the prime factors of i?
17
Let y(o) = o**3 - 16*o**2 - 11*o - 37. What are the prime factors of y(18)?
7, 59
Suppose -3*d + 876 = 3*r, 2*d - 3*r - 106 - 453 = 0. What are the prime factors of d?
7, 41
Let y = -85 - -139. Suppose -3*d + 120 + y = 0. List the prime factors of d.
2, 29
Let o(t) = 16*t**3 - 12*t**2 + 8*t - 8. List the prime factors of o(5).
2, 433
Let r(w) = -w**3 + 7*w**2 - 3. Suppose -7*p = -4*p - 9. Let z be r(p). Suppose -2*b = -s - 3*b + z, 4*b + 36 = 2*s. What are the prime factors of s?
2, 7
Suppose 2563 - 337 = 2*y. Suppose 3*s - y - 885 = 0. What are the prime factors of (-8)/44 - s/(-33)?
2, 5
Let s(m) = 270*m - 435. List the prime factors of s(18).
3, 5, 59
Suppose 99 = -z + 2*z. Let m = -57 + z. Suppose -2*q - m = -4*q. What are the prime factors of q?
3, 7
Let x be (2 + -8)*(-14)/4. Suppose 0 = 6*v - 9*v + x. List the prime factors of v.
7
Let q = 248 + -105. Let r = 389 - q. Suppose -46 + r = 5*v. What are the prime factors of v?
2, 5
Suppose -8*q + 13*q = 150. Suppose -23*p + q = -21*p. List the prime factors of p.
3, 5
Suppose 13*y - 10*y = 24. Let u = y + 21. List the prime factors of u.
29
Suppose -6*a = -a - 19130. List the prime factors of a.
2, 1913
Let r be (-3 + 6)*28/3. Let a = -23 + r. Let q = 4 + a. What are the prime factors of q?
3
Suppose 3*q = -0*q - 18. Let j be 9*(q/9 - -1). Suppose j = t - 28. List the prime factors of t.
31
Let s(v) = v**3 - 7*v**2 + 2*v - 18. Suppose 4*y - 10 = 22. List the prime factors of s(y).
2, 31
Suppose -1 - 3 = -2*w. Suppose -3 = -w*d + 3. Suppose 0*t + 5*t - s = 60, -4*t = d*s - 67. List the prime factors of t.
13
Let c(f) = 31*f + 1. Let i be c(1). Let p(n) = 6*n**2 + 3. Let h be p(3). Let j = h - i. List the prime factors of j.
5
Suppose 0 = -0*t + 2*t - 192. Suppose -l + 5 + t = 0. What are the prime factors of l?
101
Let x be (2/4)/(4/592). Suppose 0 = -l + 3*m + x, -2*m + 118 = 2*l + 2*m. What are the prime factors of l?
5, 13
Suppose -3272 = -4*a - 0*x - 4*x, -3*a + x = -2458. List the prime factors of a.
3, 7, 13
Let b(o) be the first derivative of 0*o - 1/2*o**2 - 7. List the prime factors of b(-5).
5
Suppose 10*a = 4*a + 30. Suppose -10*x = -a*x - 30. What are the prime factors of ((-9)/x)/((-6)/136)?
2, 17
Suppose -2 = 2*r - 3*r. Let i(n) be the third derivative of n**6/30 + n**4/8 - n**3/6 - 21*n**2. What are the prime factors of i(r)?
37
Let p(z) = z**3 - 7*z**2 - 9*z + 8. Let a be p(8). Suppose a = -4*h + 4, h = 3*y + 4*h - 3. Suppose y = l - 1 - 4. What are the prime factors of l?
5
Suppose -11*h = -15*h + 164. List the prime factors of h.
41
Let m(z) = z**3 - 16*z**2 + 3*z - 2. Let q be m(16). Suppose 3*r - 511 = -q. What are the prime factors of r?
5, 31
Let t(o) = -o**3 - o**2 + 7*o + 4. Let i be t(-5). What are the prime factors of i*((-7)/21 - (-2)/3)?
23
Let l(x) = 65*x - 338. What are the prime factors of l(27)?
13, 109
Let b be (-3)/(6/(-4)) - 2. Let o(l) = -332 + 687 - 335 + 5*l - 4*l + l**2. What are the prime factors of o(b)?
2, 5
Suppose 9*n - 14*n = -2*c - 7014, 0 = -2*n - 5*c + 2823. What are the prime factors of n?
2, 3, 13
Suppose 2*s = 3*c - s + 30, s = 4. What are the prime factors of (-34)/c - (-16)/(-24)?
5
Let u = 90 + -44. Let r = 81 - u. What are the prime factors of r?
5, 7
Let o(f) = 2*f + 31 - 2*f + 5*f - 3*f. What are the prime factors of o(15)?
61
Suppose 5*u + 55 = r - 339, r = -2*u + 373. What are the prime factors of r?
379
Suppose 0 = 4*d - 760 + 220. List the prime factors of d.
3, 5
Suppose -s + 3*q - 7 = 6*q, 2*s = 4*q + 16. Suppose -y - 34 = -s*y + 4*i, -2*y = -4*i - 76. Let o = 89 - y. List the prime factors of o.
47
Let m(u) = -328*u**3 + 6*u**2 - 5*u - 15. What are the prime factors of m(-2)?
3, 881
Let f(p) = -p + 1. Let o(v) be the second derivative of v**3/6 - 6*v**2 + 13*v. Let c be o(9). What are the prime factors of f(c)?
2
What are the prime factors of 18/(-24) - 152470/(-40)?
37, 103
Let g = -604 + 978. List the prime factors of g.
2, 11, 17
Suppose -446*f = -440*f - 1254. What are the prime factors of f?
11, 19
Let m = 22 - 26. Let a(j) = 44*j + 23. Let q(v) = -15*v - 8. Let f(b) = m*a(b) - 11*q(b). List the prime factors of f(-2).
2, 3
Let s = 1 + 1. Let j = s + 1. Suppose j*i - 6*i + 30 = 0. List the prime factors of i.
2, 5
Let p(u) = -u**2 + 7*u - 6. Let l be p(3). Let n(a) = -a**3 + 5*a**2 + 10*a - 1. What are the prime factors of n(l)?
23
Suppose -